of s?
5
Let c(g) be the first derivative of -g**4/4 - g**3 + 3*g**2 + 5*g - 3. Suppose 0 = 2*y + 10. What is the tens digit of c(y)?
2
Let s = 1780 + -722. What is the units digit of s?
8
Let j(q) = -q**2 + 19*q - 14. Let t(m) = -3*m - 7. Let w be t(-5). What is the units digit of j(w)?
4
Let v = 1808 - -2265. What is the units digit of v?
3
Suppose -16 = 2*p - 36. Suppose 4*m - p*m = -1074. What is the tens digit of m?
7
Let s be (2/3)/((-7)/(-315)). Suppose -3*x - 4 = 2*r, 4*r + 8 = -x - 0*x. What is the tens digit of x + 1/(1/s)?
3
Let v = 16 + 0. Let s be (16 - 3/3) + (-20)/5. Let h = s + v. What is the units digit of h?
7
Let h(j) = -9*j - 17. Let u(d) = 4*d + 9. Let q(l) = 4*h(l) + 7*u(l). Let w(b) = 3*b + 7. Let c be w(-3). What is the tens digit of q(c)?
1
Let o = 1190 - 821. What is the units digit of o?
9
Suppose -3*s + 3152 = -c, 3*c = 8*c - 5. What is the units digit of s?
1
Let o(l) = -15*l + 4. Let f be o(4). Suppose 2*c - 184 = 5*j, -4*j - 149 = -5*c + 277. Let u = f + c. What is the units digit of u?
6
What is the tens digit of 23/(-2)*(1 - 47)?
2
Suppose 3*t + 15 = 2*v, -3*t - 33 = -0*t + 4*v. Let x(c) = -17*c - 20. What is the tens digit of x(t)?
9
Let t be (-24)/(-8) + -1*1. Let v(g) = -4*g + 3*g + t*g + 14. What is the tens digit of v(5)?
1
Let d(j) be the third derivative of j**6/60 - j**5/20 - j**4/12 + 14*j**2. Suppose 0 = 4*a + 4*s - 20, 13 = -2*a + 5*a + 2*s. What is the units digit of d(a)?
1
Suppose 5*v = c - 5, -2*c + 3*v - 2 + 12 = 0. Suppose n - 138 = c*t - 8*t, -3*t - 108 = -n. What is the hundreds digit of n?
1
Suppose -15*z + 12 = -12*z. Suppose 0 = 4*a + 2*u, -4*a + z*u + 1 = -11. Let n = a - -13. What is the units digit of n?
4
Let q be (-12)/(-7) - (-28)/98. Suppose r = c + 38, -q*r = r + 2*c - 109. Suppose 0 = -d + r + 2. What is the tens digit of d?
3
Let s be (12/16)/(3/16). Let h = 24 + s. What is the units digit of 4/14 - (-972)/h?
5
Let b be (-3 - -1)*-1 - -33. Let w = 28 + b. What is the tens digit of w?
6
Let g(l) = 2*l + 17. Let n be g(-12). Let f = n + 9. What is the units digit of ((-68)/(-8))/(1/f)?
7
Suppose 5*h - 2 = 4*q - 1, 4*h - 1 = 3*q. What is the hundreds digit of 2/h + (-496)/(-4)?
1
Let c = 4683 - 62. What is the units digit of c?
1
Let v = 45 - 24. Let p = -267 - -272. Suppose 5*c + 51 = l, v = p*l + 5*c - 144. What is the units digit of l?
6
Let m = -6 - -14. Let b(o) = -o + 1. Let q(p) = -4*p + 4. Let s(k) = 7*b(k) - 2*q(k). What is the units digit of s(m)?
7
Suppose 6*t - 4*t = 4. Suppose 3*x - 99 = -0*o - o, 0 = t*x + 2. Suppose 4*a - 3*u = o, -11 + 141 = 5*a - 5*u. What is the tens digit of a?
2
Let w(i) = -i**3 + i**2 - i - 25. Let z be w(0). Let o be (-128)/5 + 10/z. Let y = -15 - o. What is the tens digit of y?
1
Suppose 4*v - 3868 = -3*l, -l = -4*v - 0*l + 3852. What is the units digit of v?
4
Let y = 1433 - 1292. What is the hundreds digit of y?
1
Let f(w) = 6*w**2 - 3*w + 18. Let k be f(-6). Suppose k = 5*p + 3*i - 187, -2*i = 3*p - 263. What is the tens digit of p?
8
Suppose -3*l + h = -4*h - 61, 0 = 4*h - 16. What is the hundreds digit of (-16)/72 - (-5757)/l?
2
Suppose -4*i - j = 6 - 2, 0 = -i + j - 1. Let x be -4 + (1 + i - -12). Let b(k) = 2*k**2 - 10*k - 7. What is the units digit of b(x)?
1
Let a = 2405 - 1029. What is the tens digit of a?
7
Let g(z) = 3*z**2 + 121*z - 19. What is the hundreds digit of g(-47)?
9
Let v(x) = -7*x + 24. What is the units digit of v(-22)?
8
Let q(m) = 562*m + 17. What is the hundreds digit of q(1)?
5
Let o(r) = -7*r - 1. Let p be o(-2). What is the units digit of 2*(p + 16 - 1/1)?
6
Let r be (-12)/(-15) - 8/10. Suppose r*t - t = -181. What is the tens digit of t?
8
Suppose -6 = -4*p - g + 11, 27 = 4*p + 3*g. Suppose -2 = p*b - 20. What is the units digit of b?
6
Suppose -17*d - 25*d + 13566 = 0. What is the units digit of d?
3
Suppose -7 + 1 = v - 3*a, a = -2*v - 12. Let y = -11 - v. What is the tens digit of (-52)/(y - (2 - 5))?
2
Let x = -893 - -1590. What is the tens digit of x?
9
Suppose 13*s - 1063 = 393. What is the units digit of s?
2
Let v(b) = -2*b**2 - 9*b + 17. Let h be v(-6). What is the units digit of ((-9)/(-27))/(h/(-129))?
3
Let g be (-54)/(-189) - 52/(-14). Suppose -228 = -g*f - 4*y, -2*f = -f + 5*y - 65. What is the tens digit of f?
5
Let l(o) = o + 16. Let f be l(-14). Let r be -3 + -2 + f + 0. What is the tens digit of ((-24)/(-4))/r - -48?
4
Let v(c) be the second derivative of 1/6*c**3 - c + 4*c**2 + 0. What is the tens digit of v(4)?
1
Let n = 40 + -52. Let u = n - -53. What is the tens digit of u?
4
Let k(u) = 49*u + 3. Suppose l + 4*l = 20. Let s(a) = -49*a - 4. Let j(v) = l*k(v) + 3*s(v). What is the units digit of j(1)?
9
What is the tens digit of (-7)/(10/(-216)*5/25)?
5
Let c = -1079 - -2238. What is the tens digit of c?
5
Let g be (16/28)/((-2)/(-2191)). Suppose 6*i - g + 158 = 0. What is the units digit of i?
8
Suppose 3*h - 72 = -j + 513, -3*h - 3*j + 579 = 0. What is the units digit of h?
6
Let z(n) = 100*n - 129. What is the hundreds digit of z(13)?
1
Let g = -936 - -2517. What is the thousands digit of g?
1
Let p be 4/32 - 95/(-8). Let z be 9/p - 27/4. What is the tens digit of ((-222)/(-12))/((-3)/z)?
3
Suppose 0*t - 3*t - 1311 = -2*k, 12 = 4*t. Suppose 25 = -5*i, 5*m + 0*m - 3*i = k. What is the units digit of m?
9
Let d(p) = -16*p**3 - p**3 - 18*p**3 + p**2. What is the units digit of d(-1)?
6
Let f(k) = k**2 + 4*k - 5. Let g be f(-6). Suppose -8*m = -9*m - 5*l + 16, 0 = -5*m + 2*l + 188. Suppose m = -5*t + g*t. What is the tens digit of t?
1
Let x = 413 + -225. Suppose -h - x = -5*h. What is the tens digit of h?
4
Let g(r) = r**2 + 10*r + 61. What is the hundreds digit of g(-23)?
3
Suppose 11*v = 38 + 72. Suppose -5*r + 90 = -0*f + 4*f, -5*f + 11 = -r. Let c = v + r. What is the tens digit of c?
2
Let x be 2/(1/(302/4)). Suppose 3*i + 47 = n + x, 5*n + 157 = 4*i. What is the units digit of i?
3
Let s(z) = 12*z**3 - z + 1. Let m be s(2). Suppose 153 = 4*u - m. Suppose 3*g - u = 4*a, -4*g + 13 = -2*g + 3*a. What is the units digit of g?
4
Suppose -8*a - 180 = -10*a. Suppose 7*d - a = 4*d. What is the tens digit of d?
3
Suppose -5*n = 4*m - 12016, 2*n + 2*n - 9611 = -5*m. What is the tens digit of n?
0
Suppose -5*v + s = -1, -4*v + 0*s - 4 = 4*s. What is the hundreds digit of (1/3)/((-5)/(v - 2505))?
1
Let x(f) = f**2 - 4 + 0 + 1 - 2*f - 3. Let m be x(4). Suppose -5 = -m*w + 25. What is the tens digit of w?
1
Let b be 17/3 + (-7)/(-21). Suppose b*x = 483 + 807. What is the tens digit of x?
1
Let v = -22 - -24. What is the tens digit of ((-232)/(-16))/(1/v)?
2
Let g be (-1)/(1/2) - 2*-3. Let f = 56 + g. What is the units digit of f?
0
Let o be (205/35 + -5)*336. Suppose -3*j - o = -7*j. What is the tens digit of j?
7
Let a(l) = l**3 - l - 2*l**2 - l**2 + 0*l**3 - 3 + 0*l. Let k be a(3). What is the tens digit of (10/3)/(k/(-27))?
1
Let p = 30 - 30. Suppose 2*t - 32 = -2*t - 4*h, -2*t - 5*h + 28 = p. What is the units digit of t?
4
Let a = 19 + -5. Suppose 5*l + 2*x = -a, 0 = 3*l - 8*l + 2*x - 6. What is the units digit of l + -1 + 0 - -29?
6
Let t(d) = d**3 + 4*d - 6 + d**2 - 4*d**2 + d**2 - 2*d**2. What is the tens digit of t(4)?
1
Suppose -8*b = -8894 - 3370. What is the thousands digit of b?
1
Let n(w) = -w**2 + 5*w + 15. Let t be n(8). Let q(x) = -x**2 - 8*x + 15. What is the units digit of q(t)?
6
Let y(u) = u**2 + 6*u - 32. What is the units digit of y(-21)?
3
Suppose 0 = 3*r - 0*r + 6. Let d be -6*((2 - 2) + r). What is the units digit of (-7 + 1)*(-16)/d?
8
Suppose 9*i = 14*i - 3645. What is the tens digit of i?
2
Let i(j) = j**3 + 25*j**2 + 16*j - 21. What is the tens digit of i(-21)?
0
Let t(g) = -24*g**3 + g**2 - g + 1. Let d(a) = a**2 - a - 5. Let i be d(3). Let q be t(i). Let l = q + 27. What is the units digit of l?
4
What is the hundreds digit of 33/55 + (-8736)/(-15)?
5
Let k(j) = -j**3 - 40*j**2 - 7*j + 21. What is the units digit of k(-40)?
1
Suppose -3 = -w + 5*j, 10 = 5*w - 4*j - 5. Let g(o) = o + 18*o**w + 3*o**2 + 1 - 19*o**3 - 3*o. What is the units digit of g(2)?
1
Let o(j) = -3*j**3 - 27*j**2 - 15*j - 3. What is the hundreds digit of o(-10)?
4
What is the units digit of (-12)/18 + (-12100)/(-15)?
6
Suppose -3*x = b - 2070, 2744 = -8*x + 12*x - 4*b. What is the units digit of